{"id":7164,"date":"2022-09-05T21:17:20","date_gmt":"2022-09-05T19:17:20","guid":{"rendered":"https:\/\/soswtg.pl\/?page_id=7164"},"modified":"2022-09-05T21:23:22","modified_gmt":"2022-09-05T19:23:22","slug":"za-zyciem","status":"publish","type":"page","link":"https:\/\/soswtg.pl\/index.php\/za-zyciem\/","title":{"rendered":"ZA \u017bYCIEM"},"content":{"rendered":"\n<p><img loading=\"lazy\" decoding=\"async\" class=\"alignleft\" src=\"https:\/\/gwarek.com.pl\/news_foto\/2022\/0830\/156879.jpg\" width=\"624\" height=\"309\" \/><\/p>\n\n\n\n<p>\u00a0<\/p>\n<p>\u00a0<\/p>\n<p><b>Wiod\u0105cy O\u015brodek Koordynacyjno \u2013 Rehabilitacyjno \u2013 Opieku\u0144czy (WOKRO)<\/b><\/p>\n<p>Powiat Tarnog\u00f3rski zawar\u0142 porozumienie z Ministrem Edukacji i Nauki na organizacj\u0119\u00a0<strong>wieloaspektowej i kompleksowej pomocy niepe\u0142nosprawnemu dziecku w okresie od urodzenia do rozpocz\u0119cia nauki w szkole<\/strong>.<\/p>\n<p>Pomoc ta b\u0119dzie dotyczy\u0142a tak\u017ce wsparcia rodziny dziecka. Zgodnie z postanowieniami porozumienia realizatorem tych dzia\u0142a\u0144 od 1 wrze\u015bnia br. w powiecie tarnog\u00f3rskim b\u0119dzie Specjalny O\u015brodek Szkolno-Wychowawczy w Tarnowskich G\u00f3rach z siedzib\u0105 przy ul. Strzelc\u00f3w Bytomskich 7. Na podstawie zawartego porozumienia to w\u0142a\u015bnie ta plac\u00f3wka b\u0119dzie pe\u0142ni\u0107 rol\u0119 Wiod\u0105cego O\u015brodka Koordynacyjno- Rehabilitacyjno- Opieku\u0144czego \u201eWOKRO\u201d. Zgodnie z zawartym porozumieniem na lata 2022-2026 o\u015brodek otrzyma na realizacj\u0119 zadania dotacj\u0119 celow\u0105 w \u0142\u0105cznej wysoko\u015bci ponad 1,1 mln z\u0142otych.<\/p>\n<p><strong>Tarnog\u00f3rski SOSW w ramach tego przedsi\u0119wzi\u0119cia b\u0119dzie organizowa\u0142 mi\u0119dzy innymi wczesne wspomaganie rozwoju dziecka w okresie od urodzenia do czasu podj\u0119cia nauki, dodatkowe wsparcie terapeut\u00f3w, fizjoterapeut\u00f3w, psycholog\u00f3w, pedagog\u00f3w, logoped\u00f3wi innych specjalist\u00f3w. Dodatkowo b\u0119d\u0105 organizowane spotkania, konsultacje i wsparcie dla rodzic\u00f3w dziecka oraz prawnych opiekun\u00f3w.<\/strong><\/p>\n<p>W ramach otrzymanych \u015brodk\u00f3w mo\u017cliwy b\u0119dzie r\u00f3wnie\u017c zakup pomocy dydaktycznych i szkole\u0144.\u00a0<strong>Pomoc\u0105 obj\u0119te zostan\u0105 dzieci ze wszystkimi problemami rozwojowymi, a w szczeg\u00f3lno\u015bci dzieci z uszkodzonym wzrokiem, s\u0142uchem, z niepe\u0142nosprawno\u015bci\u0105 ruchow\u0105, umys\u0142ow\u0105, z autyzmem, z zaburzeniami zachowania, z wolniejszym i nieharmonijnym rozwojem.<\/strong><\/p>\n<p>Wszystkie zaj\u0119cia b\u0119d\u0105 prowadzone przez zesp\u00f3\u0142 specjalist\u00f3w posiadaj\u0105cych odpowiednie przygotowanie do pracy z dzie\u0107mi o zaburzonym rozwoju.\u00a0<strong>W\u015br\u00f3d specjalist\u00f3w b\u0119dzie mi\u0119dzy innymi pedagog, psycholog, logopeda, neurologopeda, oligofrenopedagog, surdopedagog, tyflopedagog, terapeuta SI, dogoterapeuta, rehabilitant, fizjoterapeuta.<br \/><\/strong><\/p>\n<p>Zaj\u0119cia odbywa\u0107 si\u0119 b\u0119d\u0105 w o\u015brodku, natomiast\u00a0<strong>istnieje mo\u017cliwo\u015b\u0107, \u017ce takie zaj\u0119cia b\u0119d\u0105 mog\u0142y by\u0107 prowadzone tak\u017ce w domu rodzinnym<\/strong>, po wcze\u015bniejszym ustaleniu prowadzenia zaj\u0119\u0107 z dyrektorem SOSW. W ka\u017cdym przypadku nadrz\u0119dn\u0105 warto\u015bci\u0105 b\u0119dzie dobro i wsparcie dziecka oraz jego rodziny.<\/p>\n<p>\u017beby zapisa\u0107 si\u0119 na zaj\u0119cia wczesnego wspomagania \u201eWOKRO\u201d, rodzic lub opiekun dziecka powinien z\u0142o\u017cy\u0107 pisemne podanie, opini\u0119 o potrzebie wczesnego wspomagania dziecka wydan\u0105 przez poradni\u0119 psychologiczno-pedagogiczn\u0105, a tak\u017ce potwierdzenie zameldowania dziecka na terenie powiatu.<\/p>\n<p>\u00a0<\/p>\n<p><b>Kontakt: Specjalny O\u015brodek Szkolno \u2013 Wychowawczy<br \/>w Tarnowskich G\u00f3rach\u00a0 \u00a0<br \/>adres:<\/b>\u00a0ul. Strzelc\u00f3w Bytomskich 7,42-600Tarnowskie G\u00f3ry<br \/><b>tel.\/fax sekretariat:<\/b>\u00a032\u00a0285-28-93, 384-14-13<br \/><b>koordynator:<\/b>\u00a0Anna Paj\u0105k, Beata Mazur<br \/><b>poczta elektroniczna:\u00a0<\/b><a href=\"mailto:sekretariat2@soswtg.pl\">sekretariat2@soswtg.pl<\/a><b>\u00a0;\u00a0<\/b><a href=\"mailto:soswtg@poczta.onet.pl\">soswtg@poczta.onet.pl<\/a><\/p>\n<p>\u00a0<\/p>\n","protected":false},"excerpt":{"rendered":"<p>\u00a0 \u00a0 Wiod\u0105cy O\u015brodek Koordynacyjno \u2013 Rehabilitacyjno \u2013 Opieku\u0144czy (WOKRO) Powiat Tarnog\u00f3rski zawar\u0142 porozumienie z Ministrem Edukacji i Nauki na organizacj\u0119\u00a0wieloaspektowej i kompleksowej pomocy niepe\u0142nosprawnemu dziecku w okresie od urodzenia do rozpocz\u0119cia nauki w szkole. Pomoc ta b\u0119dzie dotyczy\u0142a tak\u017ce &hellip; <a href=\"https:\/\/soswtg.pl\/index.php\/za-zyciem\/\">Czytaj dalej <span class=\"meta-nav\">&rarr;<\/span><\/a><\/p>\n","protected":false},"author":1,"featured_media":0,"parent":0,"menu_order":0,"comment_status":"closed","ping_status":"closed","template":"","meta":{"footnotes":""},"class_list":["post-7164","page","type-page","status-publish","hentry"],"_links":{"self":[{"href":"https:\/\/soswtg.pl\/index.php\/wp-json\/wp\/v2\/pages\/7164"}],"collection":[{"href":"https:\/\/soswtg.pl\/index.php\/wp-json\/wp\/v2\/pages"}],"about":[{"href":"https:\/\/soswtg.pl\/index.php\/wp-json\/wp\/v2\/types\/page"}],"author":[{"embeddable":true,"href":"https:\/\/soswtg.pl\/index.php\/wp-json\/wp\/v2\/users\/1"}],"replies":[{"embeddable":true,"href":"https:\/\/soswtg.pl\/index.php\/wp-json\/wp\/v2\/comments?post=7164"}],"version-history":[{"count":3,"href":"https:\/\/soswtg.pl\/index.php\/wp-json\/wp\/v2\/pages\/7164\/revisions"}],"predecessor-version":[{"id":7170,"href":"https:\/\/soswtg.pl\/index.php\/wp-json\/wp\/v2\/pages\/7164\/revisions\/7170"}],"wp:attachment":[{"href":"https:\/\/soswtg.pl\/index.php\/wp-json\/wp\/v2\/media?parent=7164"}],"curies":[{"name":"wp","href":"https:\/\/api.w.org\/{rel}","templated":true}]}}

ZA ŻYCIEM

<p><img loading="lazy" decoding="async" class="alignleft" src="https://gwarek.com.pl/news_foto/2022/0830/156879.jpg" width="624" height="309" /></p>



<p> </p>
<p> </p>
<p><b>Wiodący Ośrodek Koordynacyjno – Rehabilitacyjno – Opiekuńczy (WOKRO)</b></p>
<p>Powiat Tarnogórski zawarł porozumienie z Ministrem Edukacji i Nauki na organizację <strong>wieloaspektowej i kompleksowej pomocy niepełnosprawnemu dziecku w okresie od urodzenia do rozpoczęcia nauki w szkole</strong>.</p>
<p>Pomoc ta będzie dotyczyła także wsparcia rodziny dziecka. Zgodnie z postanowieniami porozumienia realizatorem tych działań od 1 września br. w powiecie tarnogórskim będzie Specjalny Ośrodek Szkolno-Wychowawczy w Tarnowskich Górach z siedzibą przy ul. Strzelców Bytomskich 7. Na podstawie zawartego porozumienia to właśnie ta placówka będzie pełnić rolę Wiodącego Ośrodka Koordynacyjno- Rehabilitacyjno- Opiekuńczego „WOKRO”. Zgodnie z zawartym porozumieniem na lata 2022-2026 ośrodek otrzyma na realizację zadania dotację celową w łącznej wysokości ponad 1,1 mln złotych.</p>
<p><strong>Tarnogórski SOSW w ramach tego przedsięwzięcia będzie organizował między innymi wczesne wspomaganie rozwoju dziecka w okresie od urodzenia do czasu podjęcia nauki, dodatkowe wsparcie terapeutów, fizjoterapeutów, psychologów, pedagogów, logopedówi innych specjalistów. Dodatkowo będą organizowane spotkania, konsultacje i wsparcie dla rodziców dziecka oraz prawnych opiekunów.</strong></p>
<p>W ramach otrzymanych środków możliwy będzie również zakup pomocy dydaktycznych i szkoleń. <strong>Pomocą objęte zostaną dzieci ze wszystkimi problemami rozwojowymi, a w szczególności dzieci z uszkodzonym wzrokiem, słuchem, z niepełnosprawnością ruchową, umysłową, z autyzmem, z zaburzeniami zachowania, z wolniejszym i nieharmonijnym rozwojem.</strong></p>
<p>Wszystkie zajęcia będą prowadzone przez zespół specjalistów posiadających odpowiednie przygotowanie do pracy z dziećmi o zaburzonym rozwoju. <strong>Wśród specjalistów będzie między innymi pedagog, psycholog, logopeda, neurologopeda, oligofrenopedagog, surdopedagog, tyflopedagog, terapeuta SI, dogoterapeuta, rehabilitant, fizjoterapeuta.<br /></strong></p>
<p>Zajęcia odbywać się będą w ośrodku, natomiast <strong>istnieje możliwość, że takie zajęcia będą mogły być prowadzone także w domu rodzinnym</strong>, po wcześniejszym ustaleniu prowadzenia zajęć z dyrektorem SOSW. W każdym przypadku nadrzędną wartością będzie dobro i wsparcie dziecka oraz jego rodziny.</p>
<p>Żeby zapisać się na zajęcia wczesnego wspomagania „WOKRO”, rodzic lub opiekun dziecka powinien złożyć pisemne podanie, opinię o potrzebie wczesnego wspomagania dziecka wydaną przez poradnię psychologiczno-pedagogiczną, a także potwierdzenie zameldowania dziecka na terenie powiatu.</p>
<p> </p>
<p><b>Kontakt: Specjalny Ośrodek Szkolno – Wychowawczy<br />w Tarnowskich Górach   <br />adres:</b> ul. Strzelców Bytomskich 7,42-600Tarnowskie Góry<br /><b>tel./fax sekretariat:</b> 32 285-28-93, 384-14-13<br /><b>koordynator:</b> Anna Pająk, Beata Mazur<br /><b>poczta elektroniczna: </b><a href="mailto:sekretariat2@soswtg.pl">sekretariat2@soswtg.pl</a><b> ; </b><a href="mailto:soswtg@poczta.onet.pl">soswtg@poczta.onet.pl</a></p>
<p> </p>

<p>    Wiodący Ośrodek Koordynacyjno – Rehabilitacyjno – Opiekuńczy (WOKRO) Powiat Tarnogórski zawarł porozumienie z Ministrem Edukacji i Nauki na organizację wieloaspektowej i kompleksowej pomocy niepełnosprawnemu dziecku w okresie od urodzenia do rozpoczęcia nauki w szkole. Pomoc ta będzie dotyczyła także &hellip; <a href="https://soswtg.pl/index.php/za-zyciem/">Czytaj dalej <span class="meta-nav">&rarr;</span></a></p>
