{"id":6805,"date":"2022-03-15T21:35:03","date_gmt":"2022-03-15T20:35:03","guid":{"rendered":"http:\/\/soswtg.pl\/?page_id=6805"},"modified":"2022-04-04T18:33:52","modified_gmt":"2022-04-04T16:33:52","slug":"ukraina-aktualnosci","status":"publish","type":"page","link":"https:\/\/soswtg.pl\/index.php\/ukraina-aktualnosci\/","title":{"rendered":"UKRAINA &#8211; AKTUALNO\u015aCI"},"content":{"rendered":"\n<figure class=\"wp-block-image size-large is-resized\"><img loading=\"lazy\" decoding=\"async\" src=\"https:\/\/soswtg.pl\/wp-content\/uploads\/2022\/03\/imagesukraina.jpg\" alt=\"\" class=\"wp-image-6806\" width=\"194\" height=\"162\"\/><\/figure>\n\n\n\n<ol class=\"wp-block-list\"><li><a href=\"https:\/\/soswtg.pl\/wp-content\/uploads\/2022\/03\/szkoly-ulotka2-ukrainski.pdf\">Ulotka dotycz\u0105ca oferty edukacyjnych wszystkich szk\u00f3\u0142 ponadpodstawowych Powiatu Tarnog\u00f3rskiego w j\u0119zyku ukrai\u0144skim.<\/a><\/li><\/ol>\n\n\n\n<p><a href=\"https:\/\/soswtg.pl\/wp-content\/uploads\/2022\/03\/szkoly-ulotka2-polski.pdf\">2. Ulotka dotycz\u0105ca oferty edukacyjnych wszystkich szk\u00f3\u0142 ponadpodstawowych Powiatu Tarnog\u00f3rskiego w j\u0119zyku polskim.<\/a><\/p>\n\n\n\n<p>Portal edukacyjny\u00a0<a href=\"http:\/\/www.aztekium.pl\/\">www.aztekium.pl<\/a>\u00a0uruchomi\u0142 dodatkowe strony edukacyjne w j\u0119zykach rosyjskim i ukrai\u0144skim. Uczniowie mog\u0105 skorzysta\u0107\u00a0 z tych samych zasob\u00f3w edukacyjnych u\u017cywaj\u0105c swojego j\u0119zyka ojczystego.<br>Dost\u0119p do serwisu w j\u0119zyku polskim:<br><a href=\"http:\/\/aztekium.pl\/pl\">http:\/\/aztekium.pl\/pl<\/a><br>Dost\u0119p do serwisu w j\u0119zyku ukrai\u0144skim:<br><a href=\"http:\/\/aztekium.pl\/uk\">http:\/\/aztekium.pl\/uk<\/a><br>Dost\u0119p do serwisu w j\u0119zyku rosyjskim:<br><a href=\"http:\/\/aztekium.pl\/ru\">http:\/\/aztekium.pl\/ru<\/a><\/p>\n","protected":false},"excerpt":{"rendered":"<p>Ulotka dotycz\u0105ca oferty edukacyjnych wszystkich szk\u00f3\u0142 ponadpodstawowych Powiatu Tarnog\u00f3rskiego w j\u0119zyku ukrai\u0144skim. 2. Ulotka dotycz\u0105ca oferty edukacyjnych wszystkich szk\u00f3\u0142 ponadpodstawowych Powiatu Tarnog\u00f3rskiego w j\u0119zyku polskim. Portal edukacyjny\u00a0www.aztekium.pl\u00a0uruchomi\u0142 dodatkowe strony edukacyjne w j\u0119zykach rosyjskim i ukrai\u0144skim. Uczniowie mog\u0105 skorzysta\u0107\u00a0 z tych &hellip; <a href=\"https:\/\/soswtg.pl\/index.php\/ukraina-aktualnosci\/\">Czytaj dalej <span class=\"meta-nav\">&rarr;<\/span><\/a><\/p>\n","protected":false},"author":1,"featured_media":0,"parent":0,"menu_order":0,"comment_status":"closed","ping_status":"closed","template":"","meta":{"footnotes":""},"class_list":["post-6805","page","type-page","status-publish","hentry"],"_links":{"self":[{"href":"https:\/\/soswtg.pl\/index.php\/wp-json\/wp\/v2\/pages\/6805"}],"collection":[{"href":"https:\/\/soswtg.pl\/index.php\/wp-json\/wp\/v2\/pages"}],"about":[{"href":"https:\/\/soswtg.pl\/index.php\/wp-json\/wp\/v2\/types\/page"}],"author":[{"embeddable":true,"href":"https:\/\/soswtg.pl\/index.php\/wp-json\/wp\/v2\/users\/1"}],"replies":[{"embeddable":true,"href":"https:\/\/soswtg.pl\/index.php\/wp-json\/wp\/v2\/comments?post=6805"}],"version-history":[{"count":2,"href":"https:\/\/soswtg.pl\/index.php\/wp-json\/wp\/v2\/pages\/6805\/revisions"}],"predecessor-version":[{"id":6864,"href":"https:\/\/soswtg.pl\/index.php\/wp-json\/wp\/v2\/pages\/6805\/revisions\/6864"}],"wp:attachment":[{"href":"https:\/\/soswtg.pl\/index.php\/wp-json\/wp\/v2\/media?parent=6805"}],"curies":[{"name":"wp","href":"https:\/\/api.w.org\/{rel}","templated":true}]}}