{"id":62,"date":"2025-09-16T11:00:00","date_gmt":"2025-09-16T09:00:00","guid":{"rendered":"http:\/\/soswtg.pl\/?page_id=62"},"modified":"2025-09-16T13:56:23","modified_gmt":"2025-09-16T11:56:23","slug":"nauczyciele","status":"publish","type":"page","link":"https:\/\/soswtg.pl\/index.php\/nauczyciele\/","title":{"rendered":"NAUCZYCIELE"},"content":{"rendered":"<p style=\"text-align: center;\"><strong>Dyrekcja Specjalnego O\u015brodka Szkolno &#8211; Wychowawczego <\/strong><\/p>\n<p style=\"text-align: center;\"><strong>im. Krzysztofa Respondka <\/strong><\/p>\n<p style=\"text-align: center;\"><strong>w Tarnowskich G\u00f3rach:<\/strong><\/p>\n<p>Dyrektor SOSW &#8211; Anna Paj\u0105k<\/p>\n<p>Wicedyrektor &#8211; Beata Mazur<\/p>\n<p>kierownik internatu &#8211; Marzena Kulczycka- Parys<\/p>\n<p style=\"text-align: center;\"><strong>Nauczyciele i wychowawcy SOSW:<\/strong><\/p>\n<p>Backiel\u00a0 Anna<\/p>\n<p>Bia\u0142ek Dominika<\/p>\n<p>B\u0142yszcz Katarzyna<\/p>\n<p>Bochenek Brygida<\/p>\n<p>Brytner Aleksandra<\/p>\n<p>Dubik Aneta<\/p>\n<p>Duda Monika<\/p>\n<p>Gluch-G\u00f3rniak Agnieszka<\/p>\n<p>Henkiel Bo\u017cena<\/p>\n<p>Herok Aneta<\/p>\n<p>Horzela Bogus\u0142awa<\/p>\n<p>Janas Tomasz<\/p>\n<p>Kalaga Aniela<\/p>\n<p>Kapol Aleksandra<\/p>\n<p>Kierat Adam<\/p>\n<p>Ko\u0142odziej Pawe\u0142<\/p>\n<p>Klimek Barbara<\/p>\n<p>Kononiuk Anna<\/p>\n<p>Konieczna Agata<\/p>\n<p>Kopty\u0144ska-Ma\u0142ek Agata<\/p>\n<p>Kroteniuk Emilia<\/p>\n<p>Kurda Roman<\/p>\n<p>Kurzeja Katarzyna<\/p>\n<p>\u0141ysik Barbara<\/p>\n<p>Majewska Bo\u017cena<\/p>\n<p>Majewski Janusz<\/p>\n<p>Makosz Monika<\/p>\n<p>Maruszczyk Katarzyna<\/p>\n<p>Matejczyk Sonia<\/p>\n<p>Morawiec-Lewartowska Sonia<\/p>\n<p>Morawska Edyta<\/p>\n<p>Morawski Andrzej<\/p>\n<p>Musialik-Nosal Anna<\/p>\n<p>Musik Dominika<\/p>\n<p>My\u015bli\u0144ska Aleksandra<\/p>\n<p>Obszy\u0144ska Marta<\/p>\n<p>Pato\u0144 Dagmara<\/p>\n<p>Piasecka Katarzyna<\/p>\n<p>Piontek\u00a0 Magdalena<\/p>\n<p>Pytel-Ma\u0107kowiak Jolanta<\/p>\n<p>Pytlik Leszek<\/p>\n<p>Pyka Agnieszka<\/p>\n<p>Rybi\u0144ska Marzena<\/p>\n<p>Rychlik Justyna<\/p>\n<p>Rychter Renata<\/p>\n<p>Szyszka Miros\u0142aw<\/p>\n<p>Sojka Justyna<\/p>\n<p>Stepek Alicja<\/p>\n<p>Tarnog\u00f3rska Hanna<\/p>\n<p>Tomaszewska Ma\u0142gorzata<\/p>\n<p>Tomczewski Piotr<\/p>\n<p>Tury\u0144ska Jolanta<\/p>\n<p>Tury\u0144ski Dariusz<\/p>\n<p>Wac\u0142awik Marta<\/p>\n<p>Walig\u00f3ra Joanna<\/p>\n<p>Wieczorek Dawid<\/p>\n<p>Wieczorek Sabina<\/p>\n<p>Wlachojorgos Urszula<\/p>\n<p>Wojnar Magdalena<\/p>\n<p>Wrona Jolanta<\/p>\n<p>Wyl\u0119\u017cek-Walig\u00f3ra Monika<\/p>\n","protected":false},"excerpt":{"rendered":"<p>Dyrekcja Specjalnego O\u015brodka Szkolno &#8211; Wychowawczego im. Krzysztofa Respondka w Tarnowskich G\u00f3rach: Dyrektor SOSW &#8211; Anna Paj\u0105k Wicedyrektor &#8211; Beata Mazur kierownik internatu &#8211; Marzena Kulczycka- Parys Nauczyciele i wychowawcy SOSW: Backiel\u00a0 Anna Bia\u0142ek Dominika B\u0142yszcz Katarzyna Bochenek Brygida Brytner &hellip; <a href=\"https:\/\/soswtg.pl\/index.php\/nauczyciele\/\">Czytaj dalej <span class=\"meta-nav\">&rarr;<\/span><\/a><\/p>\n","protected":false},"author":1,"featured_media":0,"parent":0,"menu_order":0,"comment_status":"closed","ping_status":"closed","template":"","meta":{"footnotes":""},"class_list":["post-62","page","type-page","status-publish","hentry"],"_links":{"self":[{"href":"https:\/\/soswtg.pl\/index.php\/wp-json\/wp\/v2\/pages\/62"}],"collection":[{"href":"https:\/\/soswtg.pl\/index.php\/wp-json\/wp\/v2\/pages"}],"about":[{"href":"https:\/\/soswtg.pl\/index.php\/wp-json\/wp\/v2\/types\/page"}],"author":[{"embeddable":true,"href":"https:\/\/soswtg.pl\/index.php\/wp-json\/wp\/v2\/users\/1"}],"replies":[{"embeddable":true,"href":"https:\/\/soswtg.pl\/index.php\/wp-json\/wp\/v2\/comments?post=62"}],"version-history":[{"count":17,"href":"https:\/\/soswtg.pl\/index.php\/wp-json\/wp\/v2\/pages\/62\/revisions"}],"predecessor-version":[{"id":9559,"href":"https:\/\/soswtg.pl\/index.php\/wp-json\/wp\/v2\/pages\/62\/revisions\/9559"}],"wp:attachment":[{"href":"https:\/\/soswtg.pl\/index.php\/wp-json\/wp\/v2\/media?parent=62"}],"curies":[{"name":"wp","href":"https:\/\/api.w.org\/{rel}","templated":true}]}}