{"id":616,"date":"2017-03-28T21:49:55","date_gmt":"2017-03-28T19:49:55","guid":{"rendered":"http:\/\/soswtg.pl\/?page_id=616"},"modified":"2017-03-28T21:54:47","modified_gmt":"2017-03-28T19:54:47","slug":"regulamin-platnosci-za-obady","status":"publish","type":"page","link":"https:\/\/soswtg.pl\/index.php\/regulamin-platnosci-za-obady\/","title":{"rendered":"Regulamin p\u0142atno\u015bci za obady"},"content":{"rendered":"<h5 style=\"text-align: center;\"><strong>Regulamin<\/strong><\/h5>\n<h5 style=\"text-align: center;\"><strong>Rozliczania odp\u0142atno\u015bci za\u00a0obiady i\u00a0\u017cywienia w\u00a0internacie w\u00a0Specjalnym O\u015brodku<\/strong><\/h5>\n<h5 style=\"text-align: center;\"><strong>Szkolno-Wychowawczym w\u00a0Tarnowskich G\u00f3rach.<\/strong><\/h5>\n<h5>1. Sto\u0142\u00f3wka szkolna jest zorganizowanym przez O\u015brodek miejscem wydawania i\u00a0spo\u017cywania posi\u0142k\u00f3w przygotowywanych przez pracownik\u00f3w kuchni. Do\u00a0korzystania z\u00a0posi\u0142k\u00f3w uprawnieni s\u0105: wychowankowie O\u015brodka, uczniowie szk\u00f3\u0142 wchodz\u0105cych w\u00a0sk\u0142ad O\u015brodka oraz\u00a0pracownicy pedagogiczni i\u00a0niepedagogiczni O\u015brodka.<\/h5>\n<h5>2. Wszyscy korzystaj\u0105cy z\u00a0obiad\u00f3w oraz\u00a0ca\u0142odziennego wy\u017cywienia zobowi\u0105zani s\u0105 do\u00a0regularnego wnoszenia op\u0142at. Wysoko\u015b\u0107 stawki obiadowej, ca\u0142odziennego wy\u017cywienia ustalana jest zarz\u0105dzeniem dyrektora szko\u0142y. Zasady ustalania wysoko\u015bci stawki okre\u015blaj\u0105 odr\u0119bne przepisy.<\/h5>\n<h5>3. Zapisy na\u00a0obiady dokonujemy do\u00a026 dnia, ka\u017cdego miesi\u0105ca, z\u00a0wy\u0142\u0105czeniem miesi\u0105ca grudnia.<\/h5>\n<h5>4. Wp\u0142ata za\u00a0obiady przez uczni\u00f3w, nauczycieli, pracownik\u00f3w dokonywana jest w\u00a0terminie do\u00a010-go nast\u0119pnego miesi\u0105ca, w\u00a0postaci przelewu \/ wp\u0142aty na\u00a0rachunek O\u015brodek Szkolno-Wychowawczy Tarnowskie G\u00f3ry <strong>nr\u00a0konta 09114010780000405470001001<\/strong><\/h5>\n<h5>na\u00a0podstawie informacji podanej przez intendenta O\u015brodka.<br \/>\nWyj\u0105tek stanowi\u0105 miesi\u0105ce czerwiec i\u00a0grudzie\u0144 , gdzie wp\u0142aty dokonywane s\u0105 w\u00a0danym miesi\u0105cu w\u00a0terminie podanym przez intendenta.<\/h5>\n<h5>5. P\u0142atno\u015b\u0107 za\u00a0posi\u0142ki musi by\u0107 zgodna z\u00a0kwot\u0105 naliczon\u0105 przez intendenta.<\/h5>\n<h5>6. Wp\u0142ata za\u00a0wy\u017cywienie wychowank\u00f3w O\u015brodka dokonywana jest w\u00a0terminie do\u00a015-go ka\u017cdego miesi\u0105ca w\u00a0postaci przelewu \/wp\u0142aty na\u00a0rachunek O\u015brodek Szkolno-Wychowawczy w\u00a0Tarnowskich G\u00f3rach nr\u00a0konta <strong>79114010780000405470001002.<\/strong><\/h5>\n<h5>7. Wp\u0142ata za\u00a0niewykorzystany pobyt dziecka w\u00a0internacie O\u015brodka, odliczana jest w\u00a0nast\u0119pnym miesi\u0105cu.<br \/>\nW miesi\u0105cu grudniu wyp\u0142acana jest rodzicom,\/opiekunom dziecka\/.<\/h5>\n<h5>8. Za\u00a0prawid\u0142owo dokonan\u0105 wp\u0142at\u0119, uznaje si\u0119 op\u0142acenie nale\u017cno\u015bci z\u00a0podaniem wymaganych informacji\u00a0w tytule przelewu:<br \/>\n-imi\u0119 i\u00a0nazwisko dziecka, nauczyciela, pracownika,<br \/>\n\u2013 miesi\u0105c za\u00a0kt\u00f3ry dokonywana jest wp\u0142ata.<\/h5>\n<h5>9. Odliczenia za\u00a0obiady dokonywane s\u0105 w\u00a0przypadku, gdy\u00a0posi\u0142ek zostanie odwo\u0142any\u00a0zgodnie z\u00a0obowi\u0105zuj\u0105cymi zasadami tj.\u00a0odwo\u0142ania posi\u0142k\u00f3w nale\u017cy dokona\u0107 telefonicznie\u00a0pod nr\u00a032\/285-30-15 lub osobi\u015bcie u\u00a0intendenta O\u015brodka do\u00a0godz. 9:00 danego dnia lub\u00a0po godz.\u00a09:00 na\u00a0nast\u0119pne dni.<\/h5>\n<h5>Wyj\u0105tek stanowi\u0105 wyjazdy na\u00a0wycieczki lub inne wyjazdy, kt\u00f3re powinny by\u0107 zg\u0142aszane\u00a0przez opiekun\u00f3w grup, co najmniej z\u00a0jednodniowym wyprzedzeniem.<\/h5>\n<h5>11 . Brak zg\u0142oszenia nieobecno\u015bci na\u00a0obiedzie lub rezygnacji z\u00a0posi\u0142k\u00f3w w\u00a0terminie\u00a0wymienionym w\u00a0pkt. 8.niniejszego regulaminu obci\u0105\u017ca finansowo rodzica, \/opiekuna\u00a0prawnego dziecka\/ pracownika, nauczyciela.<\/h5>\n<h5>12. O\u015brodek odmawia zapisania na\u00a0obiady uczni\u00f3w, kt\u00f3rzy\u00a0zalegaj\u0105 z\u00a0wp\u0142atami za\u00a0poprzedni okres rozliczeniowy. W\u00a0pierwszej kolejno\u015bci dokonuje si\u0119 wp\u0142aty na\u00a0poczet powsta\u0142ych wcze\u015bniej zaleg\u0142o\u015bci.<\/h5>\n<h5>13. W\u00a0przypadku przed\u0142u\u017cenia nieobecno\u015bci dziecka na\u00a0rodzicach\/prawnych opiekunach\/ci\u0105\u017cy obowi\u0105zek powiadomienia o\u00a0tym intendenta O\u015brodka zgodnie z\u00a0pkt. 8.<br \/>\nPrzed\u0142u\u017cenie nieobecno\u015bci dziecka nie nast\u0119puje automatycznie. Brak informacji\u00a0powoduje przygotowanie posi\u0142ku w\u00a0danym dniu.<\/h5>\n<h5>14. W\u00a0przypadku powrotu dziecka po\u00a0d\u0142u\u017cszej nieobecno\u015bci w\u00a0szkole, na\u00a0rodzicach\/prawnych opiekunach\/ ci\u0105\u017cy obowi\u0105zek powiadomienia o\u00a0tym intendenta, w\u00a0dniu powrotu dziecka do\u00a0szko\u0142y do\u00a0godz. 9:00.<br \/>\nNie zg\u0142oszenie powoduje nie wpisanie dziecka na\u00a0obiad.<\/h5>\n<h5><strong>Regulamin wchodzi w\u00a0\u017cycie z\u00a0dniem 02 stycznia 2017.<\/strong><\/h5>\n","protected":false},"excerpt":{"rendered":"<p>Regulamin Rozliczania odp\u0142atno\u015bci za\u00a0obiady i\u00a0\u017cywienia w\u00a0internacie w\u00a0Specjalnym O\u015brodku Szkolno-Wychowawczym w\u00a0Tarnowskich G\u00f3rach. 1. Sto\u0142\u00f3wka szkolna jest zorganizowanym przez O\u015brodek miejscem wydawania i\u00a0spo\u017cywania posi\u0142k\u00f3w przygotowywanych przez pracownik\u00f3w kuchni. Do\u00a0korzystania z\u00a0posi\u0142k\u00f3w uprawnieni s\u0105: wychowankowie O\u015brodka, uczniowie szk\u00f3\u0142 wchodz\u0105cych w\u00a0sk\u0142ad O\u015brodka oraz\u00a0pracownicy pedagogiczni i\u00a0niepedagogiczni &hellip; <a href=\"https:\/\/soswtg.pl\/index.php\/regulamin-platnosci-za-obady\/\">Czytaj dalej <span class=\"meta-nav\">&rarr;<\/span><\/a><\/p>\n","protected":false},"author":1,"featured_media":0,"parent":0,"menu_order":0,"comment_status":"closed","ping_status":"closed","template":"","meta":{"footnotes":""},"class_list":["post-616","page","type-page","status-publish","hentry"],"_links":{"self":[{"href":"https:\/\/soswtg.pl\/index.php\/wp-json\/wp\/v2\/pages\/616"}],"collection":[{"href":"https:\/\/soswtg.pl\/index.php\/wp-json\/wp\/v2\/pages"}],"about":[{"href":"https:\/\/soswtg.pl\/index.php\/wp-json\/wp\/v2\/types\/page"}],"author":[{"embeddable":true,"href":"https:\/\/soswtg.pl\/index.php\/wp-json\/wp\/v2\/users\/1"}],"replies":[{"embeddable":true,"href":"https:\/\/soswtg.pl\/index.php\/wp-json\/wp\/v2\/comments?post=616"}],"version-history":[{"count":2,"href":"https:\/\/soswtg.pl\/index.php\/wp-json\/wp\/v2\/pages\/616\/revisions"}],"predecessor-version":[{"id":621,"href":"https:\/\/soswtg.pl\/index.php\/wp-json\/wp\/v2\/pages\/616\/revisions\/621"}],"wp:attachment":[{"href":"https:\/\/soswtg.pl\/index.php\/wp-json\/wp\/v2\/media?parent=616"}],"curies":[{"name":"wp","href":"https:\/\/api.w.org\/{rel}","templated":true}]}}