{"id":58,"date":"2024-12-16T11:13:00","date_gmt":"2024-12-16T10:13:00","guid":{"rendered":"http:\/\/soswtg.pl\/?page_id=58"},"modified":"2024-12-17T18:50:45","modified_gmt":"2024-12-17T17:50:45","slug":"nabor","status":"publish","type":"page","link":"https:\/\/soswtg.pl\/index.php\/nabor\/","title":{"rendered":"NAB\u00d3R"},"content":{"rendered":"<h1 style=\"text-align: center;\"><strong><span style=\"color: #000080;\">Zapisywanie uczni\u00f3w do szk\u00f3\u0142 Specjalnego O\u015brodka Szkolno-Wychowawczego<\/span><\/strong><\/h1>\n<h1 style=\"text-align: center;\"><strong><span style=\"color: #000080;\"> im. Krzysztofa Respondka <\/span><\/strong><\/h1>\n<h1 style=\"text-align: center;\"><strong><span style=\"color: #000080;\">w Tarnowskich G\u00f3rach<\/span><\/strong><\/h1>\n<p>W Specjalnym O\u015brodku Szkolno-Wychowawczym <u>uczniowie przyjmowani s\u0105 w ci\u0105gu ca\u0142ego roku kalendarzowego <\/u><strong>na podstawie orzecze\u0144 \u00a0Powiatowej Poradni Psychologiczno-Pedagogicznej\u00a0\u00a0\u00a0<\/strong>o potrzebie kszta\u0142cenia specjalnego, do nast\u0119puj\u0105cych typ\u00f3w szk\u00f3\u0142:<\/p>\n<p>&#8211; Szko\u0142a Podstawowa nr 7 Specjalna,<\/p>\n<p>&#8211; Szko\u0142a Specjalna Przysposabiaj\u0105ca do Pracy nr 1,<\/p>\n<p><strong><span style=\"color: #ff0000;\">Uwaga!<\/span><\/strong><\/p>\n<p><span style=\"color: #ff0000;\">Szko\u0142y <u>nie prowadz\u0105<\/u> rekrutacji elektronicznej. Dokumenty nale\u017cy sk\u0142ada\u0107\u00a0 w sekretariacie Specjalnego O\u015brodka Szkolno-Wychowawczego ul. Strzelc\u00f3w Bytomskich 7 w Tarnowskich G\u00f3rach w godzinach pracy sekretariatu 7.00 \u2013 15.00. <\/span><\/p>\n<p><strong>Wzory wniosk\u00f3w i o\u015bwiadcze\u0144 mo\u017cna pobra\u0107\u00a0 \u00a0ze <a href=\"http:\/\/www.bip.soswtg.tarnogorski.pl\/?catid=8&amp;parcat=2&amp;t=menu\">zak\u0142adki BIP<\/a> lub bezpo\u015brednio u pedagoga\/psychologa O\u015brodka.<\/strong><\/p>\n<ol>\n<li>Kryteria rekrutacji do wymienionych szk\u00f3\u0142 wchodz\u0105cych w sk\u0142ad Specjalnego O\u015brodka Szkolno-Wychowawczego w Tarnowskich G\u00f3rach.<\/li>\n<\/ol>\n<p><strong><u>Szko\u0142a Podstawowa nr 7 Specjalna<\/u><\/strong><\/p>\n<p>Kryteria przyjmowania uczni\u00f3w do szko\u0142y:<\/p>\n<ol>\n<li>Uczniowie przyjmowani s\u0105 do szko\u0142y na podstawie aktualnego orzeczenia o potrzebie kszta\u0142cenia specjalnego wydanego przez publiczn\u0105 poradni\u0119 psychologiczno-pedagogiczn\u0105 na etap edukacji w szkole podstawowej (niepe\u0142nosprawno\u015b\u0107 intelektualna w stopniu lekkim, umiarkowanym, znacznym oraz niepe\u0142nosprawno\u015bci sprz\u0119\u017cone).<\/li>\n<li>Wymagane dokumenty:\n<ol>\n<li>wniosek rodzic\u00f3w (prawnych opiekun\u00f3w) o przyj\u0119cie dziecka do szko\u0142y (wed\u0142ug wzoru),<\/li>\n<li>aktualne orzeczenie Poradni Psychologiczno-Pedagogicznej o potrzebie kszta\u0142cenia specjalnego kwalifikuj\u0105ce do szko\u0142y specjalnej,<\/li>\n<li>karta zdrowia oraz informacje o specjalistycznym leczeniu dziecka,<\/li>\n<li>dwie fotografie legitymacyjne,<\/li>\n<li>o\u015bwiadczenia zwi\u0105zane z ochron\u0105 danych osobowych.<\/li>\n<\/ol>\n<\/li>\n<\/ol>\n<h1><u>Szko\u0142a Specjalna Przysposabiaj\u0105ca do Pracy nr 1<\/u><\/h1>\n<p>Kryteria przyjmowania uczni\u00f3w do szko\u0142y:<\/p>\n<ol>\n<li>Uczniowie przyjmowani s\u0105 do szko\u0142y na podstawie aktualnego orzeczenia o potrzebie kszta\u0142cenia specjalnego wydanego przez publiczn\u0105 poradni\u0119 psychologiczno-pedagogiczn\u0105 na etap edukacji w szkole przysposabiaj\u0105cej do pracy (niepe\u0142nosprawno\u015b\u0107 intelektualna\u00a0 w stopniu umiarkowanym, znacznym oraz niepe\u0142nosprawno\u015bci sprz\u0119\u017cone).<\/li>\n<\/ol>\n<p>Do szko\u0142y przyjmowani s\u0105 kandydaci posiadaj\u0105cy \u015bwiadectwo uko\u0144czenia szko\u0142y podstawowej lub gimnazjum.<\/p>\n<ol start=\"2\">\n<li>Wymagane dokumenty:\n<ol>\n<li>wniosek rodzic\u00f3w (prawnych opiekun\u00f3w) o przyj\u0119cie dziecka do szko\u0142y (wed\u0142ug wzoru),<\/li>\n<li>aktualne orzeczenie Poradni Psychologiczno-Pedagogicznej o potrzebie kszta\u0142cenia specjalnego kwalifikuj\u0105ce do szko\u0142y specjalnej przysposabiaj\u0105cej do pracy,<\/li>\n<li>\u015bwiadectwo uko\u0144czenia szko\u0142y podstawowej lub gimnazjum,<\/li>\n<li>karta zdrowia oraz informacje o specjalistycznym leczeniu ucznia,<\/li>\n<li>dwie fotografie legitymacyjne,<\/li>\n<li>o\u015bwiadczenia zwi\u0105zane z ochron\u0105 danych osobowych.<\/li>\n<\/ol>\n<\/li>\n<\/ol>\n<p style=\"text-align: justify;\"><strong>Internat\u00a0 O\u015brodka<\/strong><\/p>\n<p style=\"text-align: justify;\">Internat O\u015brodka\u00a0 zapewnia zaj\u0119cia opieku\u0144czo &#8211; wychowawcze dla wychowank\u00f3w od poniedzia\u0142ku do pi\u0105tku. Osoby zainteresowane pobytem dziecka w internacie sk\u0142adaj\u0105 <a href=\"https:\/\/soswtg.pl\/wp-content\/uploads\/2017\/04\/Wniosek-o-przyjecie-do-internatu.pdf\">wniosek o przyj\u0119cie ucznia do internatu<\/a>.<\/p>\n<p style=\"text-align: justify;\"><strong>Komisja rekrutacyjna.<\/strong><\/p>\n<ol style=\"text-align: justify;\">\n<li><strong>\u00a0<\/strong>Do szko\u0142y podstawowej specjalnej i gimnazjum specjalnego uczniowie przyjmowani s\u0105 na wniosek rodzic\u00f3w (prawnych opiekun\u00f3w).<\/li>\n<li>Decyzj\u0119 o przyj\u0119ciu ucznia do szko\u0142y podejmuje dyrektor.<\/li>\n<li>Rekrutacj\u0119 do klas pierwszych szk\u00f3\u0142 ponadgimnazjalnych, przeprowadza komisja rekrutacyjna, kt\u00f3rej przewodnicz\u0105cym jest wicedyrektor. W sk\u0142ad komisji wchodzi pedagog i psycholog. Przewodnicz\u0105cy komisji mo\u017ce do niej w\u0142\u0105czy\u0107\u00a0 nauczycieli specjalist\u00f3w lub wychowawc\u00f3w, je\u017celi zajdzie taka potrzeba.<\/li>\n<\/ol>\n<p style=\"text-align: justify;\">Do zada\u0144 komisji rekrutacyjno-kwalifikacyjnej nale\u017cy w szczeg\u00f3lno\u015bci:<\/p>\n<p style=\"text-align: justify;\">&#8211; \u00a0analiza przedk\u0142adanych dokument\u00f3w pod wzgl\u0119dem zgodno\u015bci\u00a0 z wymaganiami,<\/p>\n<p style=\"text-align: justify;\">&#8211;\u00a0 prowadzenie rejestru przyj\u0119tych dokument\u00f3w,<\/p>\n<p style=\"text-align: justify;\">&#8211;\u00a0 sporz\u0105dzenie listy kandydat\u00f3w przyj\u0119tych do szk\u00f3\u0142,<\/p>\n<p style=\"text-align: justify;\">&#8211;\u00a0 informowanie kandydat\u00f3w o decyzjach komisji.<\/p>\n<p style=\"text-align: justify;\"><strong>\u00a0<\/strong><\/p>\n<p style=\"text-align: justify;\"><strong>\u00a0<\/strong><\/p>\n","protected":false},"excerpt":{"rendered":"<p>Zapisywanie uczni\u00f3w do szk\u00f3\u0142 Specjalnego O\u015brodka Szkolno-Wychowawczego im. Krzysztofa Respondka w Tarnowskich G\u00f3rach W Specjalnym O\u015brodku Szkolno-Wychowawczym uczniowie przyjmowani s\u0105 w ci\u0105gu ca\u0142ego roku kalendarzowego na podstawie orzecze\u0144 \u00a0Powiatowej Poradni Psychologiczno-Pedagogicznej\u00a0\u00a0\u00a0o potrzebie kszta\u0142cenia specjalnego, do nast\u0119puj\u0105cych typ\u00f3w szk\u00f3\u0142: &#8211; Szko\u0142a &hellip; <a href=\"https:\/\/soswtg.pl\/index.php\/nabor\/\">Czytaj dalej <span class=\"meta-nav\">&rarr;<\/span><\/a><\/p>\n","protected":false},"author":1,"featured_media":0,"parent":0,"menu_order":0,"comment_status":"closed","ping_status":"closed","template":"","meta":{"footnotes":""},"class_list":["post-58","page","type-page","status-publish","hentry"],"_links":{"self":[{"href":"https:\/\/soswtg.pl\/index.php\/wp-json\/wp\/v2\/pages\/58"}],"collection":[{"href":"https:\/\/soswtg.pl\/index.php\/wp-json\/wp\/v2\/pages"}],"about":[{"href":"https:\/\/soswtg.pl\/index.php\/wp-json\/wp\/v2\/types\/page"}],"author":[{"embeddable":true,"href":"https:\/\/soswtg.pl\/index.php\/wp-json\/wp\/v2\/users\/1"}],"replies":[{"embeddable":true,"href":"https:\/\/soswtg.pl\/index.php\/wp-json\/wp\/v2\/comments?post=58"}],"version-history":[{"count":11,"href":"https:\/\/soswtg.pl\/index.php\/wp-json\/wp\/v2\/pages\/58\/revisions"}],"predecessor-version":[{"id":8773,"href":"https:\/\/soswtg.pl\/index.php\/wp-json\/wp\/v2\/pages\/58\/revisions\/8773"}],"wp:attachment":[{"href":"https:\/\/soswtg.pl\/index.php\/wp-json\/wp\/v2\/media?parent=58"}],"curies":[{"name":"wp","href":"https:\/\/api.w.org\/{rel}","templated":true}]}}