{"id":5432,"date":"2020-03-20T20:40:03","date_gmt":"2020-03-20T19:40:03","guid":{"rendered":"http:\/\/soswtg.pl\/?page_id=5432"},"modified":"2020-05-21T09:59:59","modified_gmt":"2020-05-21T07:59:59","slug":"nauczanie-zdalne-3","status":"publish","type":"page","link":"https:\/\/soswtg.pl\/index.php\/nauczanie-zdalne-3\/","title":{"rendered":"NAUCZANIE ZDALNE"},"content":{"rendered":"\n<div class=\"wp-block-image\"><figure class=\"aligncenter\"><img loading=\"lazy\" decoding=\"async\" width=\"300\" height=\"200\" src=\"https:\/\/soswtg.pl\/wp-content\/uploads\/2020\/03\/nauczanie-zdalne-300x200-300x200.jpg\" alt=\"\" class=\"wp-image-5433\"\/><\/figure><\/div>\n\n\n<p style=\"text-align: justify;\">Drogi uczniu, Szanowny rodzicu, czas zawieszenia zaj\u0119\u0107 to nie czas wolny od nauki. Zach\u0119camy do pracy w domu, utrwalania wiadomo\u015bci i rozwijania umiej\u0119tno\u015bci. Nauczyciele\u00a0 przygotowali materia\u0142y dostosowane do potrzeb i mo\u017cliwo\u015bci dzieci. Warto z nich skorzysta\u0107! <br \/>Zapewniamy, i\u017c po powrocie do szko\u0142y zostan\u0105 one om\u00f3wione wraz z uczniami, a wszelkie trudno\u015bci i w\u0105tpliwo\u015bci wyja\u015bnione. <br \/>Mamy nadziej\u0119, i\u017c wkr\u00f3tce zn\u00f3w si\u0119 spotkamy w murach szko\u0142y.<\/p>\n<p>Rodzice i uczniowie otrzymali informacje na temat dost\u0119pu do materia\u0142\u00f3w dla uczni\u00f3w.<\/p>\n<p style=\"text-align: justify;\"><strong>Dostosowujemy uk\u0142ad dost\u0119pu do materia\u0142\u00f3w dla uczni\u00f3w zgodnie z sugestiami nauczycieli, rodzic\u00f3w i uczni\u00f3w. Za niedogodno\u015bci przepraszamy.<\/strong><\/p>\n<p style=\"text-align: justify;\">Prosimy o wyrozumia\u0142o\u015b\u0107, je\u015bli nie wszystkie materia\u0142y dla uczni\u00f3w b\u0119d\u0105 dost\u0119pne o godzinie 9.00 rano. Niekt\u00f3rzy nauczyciele maj\u0105 problemy z \u0142\u0105czami internetowymi i nie zawsze mog\u0105 dostarczy\u0107 materia\u0142y na czas.<\/p>\n\n\n<p><\/p>\n","protected":false},"excerpt":{"rendered":"<p>Drogi uczniu, Szanowny rodzicu, czas zawieszenia zaj\u0119\u0107 to nie czas wolny od nauki. Zach\u0119camy do pracy w domu, utrwalania wiadomo\u015bci i rozwijania umiej\u0119tno\u015bci. Nauczyciele\u00a0 przygotowali materia\u0142y dostosowane do potrzeb i mo\u017cliwo\u015bci dzieci. Warto z nich skorzysta\u0107! Zapewniamy, i\u017c po powrocie &hellip; <a href=\"https:\/\/soswtg.pl\/index.php\/nauczanie-zdalne-3\/\">Czytaj dalej <span class=\"meta-nav\">&rarr;<\/span><\/a><\/p>\n","protected":false},"author":1,"featured_media":0,"parent":0,"menu_order":0,"comment_status":"closed","ping_status":"closed","template":"","meta":{"footnotes":""},"class_list":["post-5432","page","type-page","status-publish","hentry"],"_links":{"self":[{"href":"https:\/\/soswtg.pl\/index.php\/wp-json\/wp\/v2\/pages\/5432"}],"collection":[{"href":"https:\/\/soswtg.pl\/index.php\/wp-json\/wp\/v2\/pages"}],"about":[{"href":"https:\/\/soswtg.pl\/index.php\/wp-json\/wp\/v2\/types\/page"}],"author":[{"embeddable":true,"href":"https:\/\/soswtg.pl\/index.php\/wp-json\/wp\/v2\/users\/1"}],"replies":[{"embeddable":true,"href":"https:\/\/soswtg.pl\/index.php\/wp-json\/wp\/v2\/comments?post=5432"}],"version-history":[{"count":15,"href":"https:\/\/soswtg.pl\/index.php\/wp-json\/wp\/v2\/pages\/5432\/revisions"}],"predecessor-version":[{"id":5545,"href":"https:\/\/soswtg.pl\/index.php\/wp-json\/wp\/v2\/pages\/5432\/revisions\/5545"}],"wp:attachment":[{"href":"https:\/\/soswtg.pl\/index.php\/wp-json\/wp\/v2\/media?parent=5432"}],"curies":[{"name":"wp","href":"https:\/\/api.w.org\/{rel}","templated":true}]}}