{"id":444,"date":"2017-03-23T19:15:46","date_gmt":"2017-03-23T18:15:46","guid":{"rendered":"http:\/\/soswtg.pl\/?page_id=444"},"modified":"2017-04-19T19:00:29","modified_gmt":"2017-04-19T17:00:29","slug":"liga-ochrony-przyrody","status":"publish","type":"page","link":"https:\/\/soswtg.pl\/index.php\/liga-ochrony-przyrody\/","title":{"rendered":"Liga Ochrony Przyrody"},"content":{"rendered":"<p><span style=\"font-size: 10pt; font-family: 'times new roman', times, serif;\"><strong><u>Osoby odpowiedzialne:<\/u><\/strong><\/span><\/p>\n<ul>\n<li><span style=\"font-size: 10pt; font-family: 'times new roman', times, serif;\">Ma\u0142gorzata Tomaszewska \u00a0 \u00a0 \u00a0 \u00a0 \u00a0 \u00a0 \u00a0 \u00a0 \u00a0 \u00a0 \u00a0 \u00a0 \u00a0 \u00a0 \u00a0 \u00a0 \u00a0 \u00a0 \u00a0 \u00a0 \u00a0 \u00a0 \u00a0 <a href=\"https:\/\/soswtg.pl\/?page_id=868&amp;preview=true\">\u00a0KLUB MI\u0141OSNIK\u00d3W ZWIERZ\u0104T<\/a><\/span><\/li>\n<li><span style=\"font-size: 10pt; font-family: 'times new roman', times, serif;\">Katarzyna Piasecka<\/span><\/li>\n<li><span style=\"font-size: 10pt; font-family: 'times new roman', times, serif;\">Janina Stepek<\/span><\/li>\n<li><span style=\"font-size: 10pt; font-family: 'times new roman', times, serif;\">Katarzyna Kurzeja<\/span><\/li>\n<li><span style=\"font-size: 10pt; font-family: 'times new roman', times, serif;\">Agata Kopty\u0144ska -Ma\u0142ek<\/span><\/li>\n<li><span style=\"font-size: 10pt; font-family: 'times new roman', times, serif;\">Dominika Musik<\/span><\/li>\n<li><span style=\"font-size: 10pt; font-family: 'times new roman', times, serif;\">Dawid Wieczorek<\/span><\/li>\n<\/ul>\n<p><span style=\"font-size: 12pt; font-family: 'times new roman', times, serif; color: #0000ff;\">MISJA<\/span><\/p>\n<p style=\"text-align: justify;\"><span style=\"font-size: 12pt; font-family: 'times new roman', times, serif;\">\u00a0\u00a0\u00a0\u00a0\u00a0\u00a0\u00a0\u00a0\u00a0\u00a0\u00a0\u00a0\u00a0 Rozw\u00f3j cywilizacyjny spo\u0142ecze\u0144stw jest zwi\u0105zany z wykorzystaniem dost\u0119pnych zasob\u00f3w naturalnych, osi\u0105gni\u0119\u0107 nauki i post\u0119pem technologii. Ma to bezpo\u015bredni wp\u0142yw na stan \u015brodowiska naturalnego oraz na stan naszego zdrowia. Dostrze\u017cenie przez ludzi konsekwencji wynikaj\u0105cych z nieracjonalnego gospodarowania zasobami \u015brodowiska, brakiem troski o otaczaj\u0105c\u0105 nas przyrod\u0119 u\u015bwiadamia nam konieczno\u015b\u0107 wprowadzenia zmian przede wszystkim w my\u015bleniu m\u0142odego cz\u0142owieka. Niezb\u0119dnym warunkiem w osi\u0105gni\u0119ciu tego celu jest edukacja ekologiczna.<\/span><\/p>\n<p style=\"text-align: justify;\"><span style=\"font-size: 12pt; font-family: 'times new roman', times, serif;\">\u00a0\u00a0\u00a0\u00a0\u00a0\u00a0\u00a0\u00a0\u00a0\u00a0\u00a0 Edukacja ekologiczna\u00a0 stanowi wa\u017cny element przystosowania cz\u0142owieka do \u015brodowiska, w kt\u00f3rym \u017cyje.<\/span><\/p>\n<p style=\"text-align: justify;\"><span style=\"font-size: 12pt; font-family: 'times new roman', times, serif;\">\u00a0Zadania jakie postawili\u015bmy sobie w dzia\u0142alno\u015bci KLUBU M\u0141ODEGO EKOLOGA to ukazywanie zagro\u017ce\u0144 stanu \u015brodowiska przyrodniczego, przekazania wiedzy teoretycznej jak i praktycznej.<\/span><\/p>\n<p style=\"text-align: justify;\"><span style=\"font-size: 12pt; font-family: 'times new roman', times, serif;\">Wiemy, \u017ce o pozytywnych jej efektach decyduje forma przekazu oraz tre\u015bci dostosowane do uczni\u00f3w.<\/span><\/p>\n<p style=\"text-align: justify;\"><span style=\"font-size: 12pt; font-family: 'times new roman', times, serif;\">Aby zaowocowa\u0142a proekologicznymi postawami musi by\u0107 prowadzona od najm\u0142odszych lat.<\/span><\/p>\n<p style=\"text-align: justify;\"><span style=\"font-size: 12pt; font-family: 'times new roman', times, serif;\">\u00a0Chcemy by edukacja ekologiczna\u00a0 kszta\u0142towa\u0142a postawy: poczucie moralnej odpowiedzialno\u015bci za stan \u015brodowiska przyrodniczego, gotowo\u015b\u0107 uczestniczenia w dzia\u0142aniach ochronnych na jego rzecz i przekazywania warto\u015bci sprzyjaj\u0105cych przyrodzie. Nie ograniczamy si\u0119 jedynie do przekazywania wiadomo\u015bci niezb\u0119dnych do zrozumienia, jak funkcjonuje \u015bwiat przyrody o\u017cywionej i nieo\u017cywionej. My nauczyciele \u00a0chcemy\u00a0 wzbudzi\u0107 w dzieciach i m\u0142odzie\u017cy \u00a0ch\u0119ci do aktywnego dzia\u0142ania na rzecz ochrony i regeneracji \u015brodowiska. Jej podstawowe cele to u\u015bwiadomienie, \u017ce wszyscy mamy wp\u0142yw na\u00a0 \u015brodowisko, ka\u017cdy z nas jest odpowiedzialny za obecny i przysz\u0142y stan \u015brodowiska oraz zdrowie ka\u017cdego cz\u0142owieka uzale\u017cnione jest od jako\u015bci \u015brodowiska naturalnego.<\/span><\/p>\n<p style=\"text-align: justify;\"><span style=\"font-size: 12pt; font-family: 'times new roman', times, serif;\">\u00a0\u00a0\u00a0\u00a0\u00a0\u00a0\u00a0\u00a0\u00a0\u00a0\u00a0\u00a0 Warto w tym miejscu przytoczy\u0107 s\u0142owa wielkiego mi\u0142o\u015bnika i bacznego obserwatora przyrody, poety ksi\u0119dza Jana Twardowskiego<\/span><span style=\"font-size: 12pt; font-family: 'times new roman', times, serif;\">: <strong><em>\u201eCz\u0142owiek \u017cyj\u0105cy blisko przyrody jest cz\u0142owiekiem ciekawszym, g\u0142\u0119bszym, z kt\u00f3rym \u0142atwiej si\u0119 porozumie\u0107, bo jest w nim mniej abstrakcji, du\u017co zdrowej wra\u017cliwo\u015bci (&#8230;). My\u015bl\u0119, \u017ce przez to jest bardzo blisko ludzi.\u201d<\/em><\/strong><\/span><\/p>\n<p>&nbsp;<\/p>\n","protected":false},"excerpt":{"rendered":"<p>Osoby odpowiedzialne: Ma\u0142gorzata Tomaszewska \u00a0 \u00a0 \u00a0 \u00a0 \u00a0 \u00a0 \u00a0 \u00a0 \u00a0 \u00a0 \u00a0 \u00a0 \u00a0 \u00a0 \u00a0 \u00a0 \u00a0 \u00a0 \u00a0 \u00a0 \u00a0 \u00a0 \u00a0 \u00a0KLUB MI\u0141OSNIK\u00d3W ZWIERZ\u0104T Katarzyna Piasecka Janina Stepek Katarzyna Kurzeja Agata Kopty\u0144ska -Ma\u0142ek Dominika &hellip; <a href=\"https:\/\/soswtg.pl\/index.php\/liga-ochrony-przyrody\/\">Czytaj dalej <span class=\"meta-nav\">&rarr;<\/span><\/a><\/p>\n","protected":false},"author":1,"featured_media":0,"parent":0,"menu_order":0,"comment_status":"closed","ping_status":"closed","template":"","meta":{"footnotes":""},"class_list":["post-444","page","type-page","status-publish","hentry"],"_links":{"self":[{"href":"https:\/\/soswtg.pl\/index.php\/wp-json\/wp\/v2\/pages\/444"}],"collection":[{"href":"https:\/\/soswtg.pl\/index.php\/wp-json\/wp\/v2\/pages"}],"about":[{"href":"https:\/\/soswtg.pl\/index.php\/wp-json\/wp\/v2\/types\/page"}],"author":[{"embeddable":true,"href":"https:\/\/soswtg.pl\/index.php\/wp-json\/wp\/v2\/users\/1"}],"replies":[{"embeddable":true,"href":"https:\/\/soswtg.pl\/index.php\/wp-json\/wp\/v2\/comments?post=444"}],"version-history":[{"count":5,"href":"https:\/\/soswtg.pl\/index.php\/wp-json\/wp\/v2\/pages\/444\/revisions"}],"predecessor-version":[{"id":870,"href":"https:\/\/soswtg.pl\/index.php\/wp-json\/wp\/v2\/pages\/444\/revisions\/870"}],"wp:attachment":[{"href":"https:\/\/soswtg.pl\/index.php\/wp-json\/wp\/v2\/media?parent=444"}],"curies":[{"name":"wp","href":"https:\/\/api.w.org\/{rel}","templated":true}]}}