{"id":431,"date":"2017-03-23T18:59:06","date_gmt":"2017-03-23T17:59:06","guid":{"rendered":"http:\/\/soswtg.pl\/?page_id=431"},"modified":"2017-03-28T16:38:17","modified_gmt":"2017-03-28T14:38:17","slug":"kolko-gastronomiczne-sekrety-kuchni","status":"publish","type":"page","link":"https:\/\/soswtg.pl\/index.php\/kolko-gastronomiczne-sekrety-kuchni\/","title":{"rendered":"Ko\u0142o gastronomiczne &#8222;Sekrety kuchni&#8221;"},"content":{"rendered":"<p style=\"text-align: justify;\">Ko\u0142o gastronomiczne \u201eSekrety kuchni\u201d zrzesza zainteresowanych uczni\u00f3w Zasadniczej Szko\u0142y Zawodowej. Na zaj\u0119ciach rozwijaj\u0105 swoje zainteresowania zawodowe, pog\u0142\u0119biaj\u0105 wiedz\u0119 z zakresu gastronomii, a tak\u017ce poszerzaj\u0105 wiadomo\u015bci na temat racjonalnego i zdrowego \u017cywienia. Tematyka zaj\u0119\u0107 w du\u017cej cz\u0119\u015bci proponowana jest przez uczni\u00f3w. Zainteresowani maj\u0105 mo\u017cliwo\u015b\u0107 uczestnictwa w pokazach kulinarnych oraz poznania nowych technologii w przemy\u015ble spo\u017cywczym i gastronomicznym i potencjalnych miejsc pracy.<\/p>\n<p><img loading=\"lazy\" decoding=\"async\" class=\"alignnone size-medium wp-image-433\" src=\"https:\/\/soswtg.pl\/wp-content\/uploads\/2017\/03\/koloAniN1-300x209.jpg\" alt=\"\" width=\"300\" height=\"209\" srcset=\"https:\/\/soswtg.pl\/wp-content\/uploads\/2017\/03\/koloAniN1-300x209.jpg 300w, https:\/\/soswtg.pl\/wp-content\/uploads\/2017\/03\/koloAniN1-768x536.jpg 768w, https:\/\/soswtg.pl\/wp-content\/uploads\/2017\/03\/koloAniN1.jpg 1024w\" sizes=\"(max-width: 300px) 100vw, 300px\" \/> <img loading=\"lazy\" decoding=\"async\" class=\"alignnone size-medium wp-image-434\" src=\"https:\/\/soswtg.pl\/wp-content\/uploads\/2017\/03\/koloAniN2-300x225.jpg\" alt=\"\" width=\"300\" height=\"225\" srcset=\"https:\/\/soswtg.pl\/wp-content\/uploads\/2017\/03\/koloAniN2-300x225.jpg 300w, https:\/\/soswtg.pl\/wp-content\/uploads\/2017\/03\/koloAniN2-768x576.jpg 768w, https:\/\/soswtg.pl\/wp-content\/uploads\/2017\/03\/koloAniN2-1024x768.jpg 1024w\" sizes=\"(max-width: 300px) 100vw, 300px\" \/> <img loading=\"lazy\" decoding=\"async\" class=\"alignnone size-medium wp-image-435\" src=\"https:\/\/soswtg.pl\/wp-content\/uploads\/2017\/03\/koloAniN3-300x225.jpg\" alt=\"\" width=\"300\" height=\"225\" srcset=\"https:\/\/soswtg.pl\/wp-content\/uploads\/2017\/03\/koloAniN3-300x225.jpg 300w, https:\/\/soswtg.pl\/wp-content\/uploads\/2017\/03\/koloAniN3-768x576.jpg 768w, https:\/\/soswtg.pl\/wp-content\/uploads\/2017\/03\/koloAniN3-1024x768.jpg 1024w\" sizes=\"(max-width: 300px) 100vw, 300px\" \/> <img loading=\"lazy\" decoding=\"async\" class=\"alignnone size-medium wp-image-436\" src=\"https:\/\/soswtg.pl\/wp-content\/uploads\/2017\/03\/koloAniN5-300x225.jpg\" alt=\"\" width=\"300\" height=\"225\" srcset=\"https:\/\/soswtg.pl\/wp-content\/uploads\/2017\/03\/koloAniN5-300x225.jpg 300w, https:\/\/soswtg.pl\/wp-content\/uploads\/2017\/03\/koloAniN5-768x576.jpg 768w, https:\/\/soswtg.pl\/wp-content\/uploads\/2017\/03\/koloAniN5-1024x768.jpg 1024w\" sizes=\"(max-width: 300px) 100vw, 300px\" \/> <img loading=\"lazy\" decoding=\"async\" class=\"alignnone size-medium wp-image-437\" src=\"https:\/\/soswtg.pl\/wp-content\/uploads\/2017\/03\/koloAniNosal4-300x217.jpg\" alt=\"\" width=\"300\" height=\"217\" srcset=\"https:\/\/soswtg.pl\/wp-content\/uploads\/2017\/03\/koloAniNosal4-300x217.jpg 300w, https:\/\/soswtg.pl\/wp-content\/uploads\/2017\/03\/koloAniNosal4.jpg 422w\" sizes=\"(max-width: 300px) 100vw, 300px\" \/><\/p>\n","protected":false},"excerpt":{"rendered":"<p>Ko\u0142o gastronomiczne \u201eSekrety kuchni\u201d zrzesza zainteresowanych uczni\u00f3w Zasadniczej Szko\u0142y Zawodowej. Na zaj\u0119ciach rozwijaj\u0105 swoje zainteresowania zawodowe, pog\u0142\u0119biaj\u0105 wiedz\u0119 z zakresu gastronomii, a tak\u017ce poszerzaj\u0105 wiadomo\u015bci na temat racjonalnego i zdrowego \u017cywienia. Tematyka zaj\u0119\u0107 w du\u017cej cz\u0119\u015bci proponowana jest przez uczni\u00f3w. &hellip; <a href=\"https:\/\/soswtg.pl\/index.php\/kolko-gastronomiczne-sekrety-kuchni\/\">Czytaj dalej <span class=\"meta-nav\">&rarr;<\/span><\/a><\/p>\n","protected":false},"author":1,"featured_media":0,"parent":0,"menu_order":0,"comment_status":"closed","ping_status":"closed","template":"","meta":{"footnotes":""},"class_list":["post-431","page","type-page","status-publish","hentry"],"_links":{"self":[{"href":"https:\/\/soswtg.pl\/index.php\/wp-json\/wp\/v2\/pages\/431"}],"collection":[{"href":"https:\/\/soswtg.pl\/index.php\/wp-json\/wp\/v2\/pages"}],"about":[{"href":"https:\/\/soswtg.pl\/index.php\/wp-json\/wp\/v2\/types\/page"}],"author":[{"embeddable":true,"href":"https:\/\/soswtg.pl\/index.php\/wp-json\/wp\/v2\/users\/1"}],"replies":[{"embeddable":true,"href":"https:\/\/soswtg.pl\/index.php\/wp-json\/wp\/v2\/comments?post=431"}],"version-history":[{"count":4,"href":"https:\/\/soswtg.pl\/index.php\/wp-json\/wp\/v2\/pages\/431\/revisions"}],"predecessor-version":[{"id":603,"href":"https:\/\/soswtg.pl\/index.php\/wp-json\/wp\/v2\/pages\/431\/revisions\/603"}],"wp:attachment":[{"href":"https:\/\/soswtg.pl\/index.php\/wp-json\/wp\/v2\/media?parent=431"}],"curies":[{"name":"wp","href":"https:\/\/api.w.org\/{rel}","templated":true}]}}