{"id":3235,"date":"2021-09-01T14:30:21","date_gmt":"2021-09-01T12:30:21","guid":{"rendered":"http:\/\/soswtg.pl\/?page_id=3235"},"modified":"2022-05-22T21:05:12","modified_gmt":"2022-05-22T19:05:12","slug":"konkursy-2","status":"publish","type":"page","link":"https:\/\/soswtg.pl\/index.php\/konkursy-2\/","title":{"rendered":"KONKURSY"},"content":{"rendered":"\n<p class=\"has-text-align-center\"><strong>KONKURS PLATYCZNO &#8211; MALARSKI<\/strong><\/p>\n\n\n\n<p class=\"has-text-align-center\"><strong>KONKURS &#8222;WYWIAD Z ARTYST\u0104&#8221;<\/strong><\/p>\n\n\n\n<div class=\"wp-block-file\"><a href=\"https:\/\/soswtg.pl\/wp-content\/uploads\/2022\/05\/REGULAMIN-KONKURSU-PLASTYCZNEGO1-3.docx\">REGULAMIN KONKURSU PLASTYCZNEGO1 (3)<\/a><a href=\"https:\/\/soswtg.pl\/wp-content\/uploads\/2022\/05\/REGULAMIN-KONKURSU-PLASTYCZNEGO1-3.docx\" class=\"wp-block-file__button\" download>Pobierz<\/a><\/div>\n\n\n\n<p class=\"has-text-align-center\">Zapraszamy do udzia\u0142u w konkursach \ud83d\ude42<\/p>\n\n\n\n<p><\/p>\n\n\n\n<p class=\"has-text-align-center has-vivid-red-color has-text-color\"><strong>KONKURS POETYCKI I MALARSKI <\/strong><\/p>\n\n\n\n<p class=\"has-text-align-center\"><strong>,,Zabytki Powiatu Tarnog\u00f3rskiego w poezji i malarstwie, widziane oczami m\u0142odego cz\u0142owieka\u201d<\/strong> <\/p>\n\n\n\n<p class=\"has-text-align-center\"><strong><span style=\"color:#000aa3\" class=\"has-inline-color\">ROZSTRZYGNI\u0118CIE KONKURSU PLASTYCZNEGO<\/span><span style=\"color:#0c00a3\" class=\"has-inline-color\"> I<\/span> <span style=\"color:#1000a3\" class=\"has-inline-color\">POETYCKIEGO<\/span><\/strong><\/p>\n\n\n\n<p class=\"has-text-align-center\"><strong><span class=\"has-inline-color has-vivid-red-color\">Wyniki konkursu malarskiego<\/span><\/strong><\/p>\n\n\n\n<p><strong>Kategoria Szko\u0142a Podstawowa Klasy I \u2013 IV<\/strong><\/p>\n\n\n\n<p>1 miejsce&nbsp; Nadia Pietsz \u2013 SP nr 8 im. Pu\u0142ku 3 U\u0142an\u00f3w \u015al\u0105skich \u201eWylot sztolni\u201d<\/p>\n\n\n\n<p>2 miejsce&nbsp; Karol Kosieradzki \u2013 SP nr 12 w ZSP nr 3 \u201eDzwonnica Gwark\u00f3w\u201d<\/p>\n\n\n\n<p>3 miejsce Piotr Klimza \u2013 SP nr 8 im. Pu\u0142ku 3 U\u0142an\u00f3w \u015al\u0105skich \u201eSztolnia Czarnego Pstr\u0105ga\u201d<\/p>\n\n\n\n<p><strong>Kategoria Szko\u0142a Podstawowa Klasy V \u2013 VIII<\/strong><\/p>\n\n\n\n<p>1 miejsce&nbsp; Franciszek Litwi\u0144ski&nbsp; \u2013 SP im. A. Mickiewicza w \u015awierkla\u0144cu&nbsp; \u201eSztolnia Czarnego Pstr\u0105ga\u201d<\/p>\n\n\n\n<p>2 miejsce&nbsp; Wiktor Zmarz\u0142y&nbsp; \u2013 SP im. A. Mickiewicza w \u015awierkla\u0144cu&nbsp; \u201eSztolnia Czarnego Pstr\u0105ga\u201d<\/p>\n\n\n\n<p>3 miejsce Maja Mokry \u2013 SP im. A. Mickiewicza w \u015awierkla\u0144cu&nbsp; \u201eRynek\u201d<\/p>\n\n\n\n<p><strong>Kategoria Szko\u0142a Podstawowa z Oddzia\u0142ami Integracyjnymi<\/strong><\/p>\n\n\n\n<p>1 miejsce Zofia Wo\u017aniczka \u2013 SP 13 \u201eWidok z okna\u201d<\/p>\n\n\n\n<p><strong>Kategoria Szko\u0142a Podstawowa Specjalna Klasy V-VIII<\/strong><\/p>\n\n\n\n<p>1 miejsce Daria Hepa \u2013 SP nr 40 im. Orl\u0105t Lwowskich w Bytomiu \u201ePa\u0142ac w Rybnej\u201d<\/p>\n\n\n\n<p>2 miejsce&nbsp; Wiktoria Dziubek&nbsp; SP nr 40 im. Orl\u0105t Lwowskich w Bytomiu \u201ePa\u0142ac w Rybnej\u201d<\/p>\n\n\n\n<p>3 miejsce Wiktoria Wi\u015bniewska SP nr 40 im. Orl\u0105t Lwowskich w Bytomiu \u201ePa\u0142ac w Rybnej\u201d<\/p>\n\n\n\n<p><strong>Kategoria Szko\u0142a Przysposabiaj\u0105ca do Pracy<\/strong><\/p>\n\n\n\n<p>1 miejsce Micha\u0142a Mecner &#8211;&nbsp; SOSW Tarnowskie G\u00f3ry \u201ePa\u0142ac w Rybnej\u201d<\/p>\n\n\n\n<p>2 miejsce \u0141ukasz Kandzia &#8211; SOSW Tarnowskie G\u00f3ry \u201eWidok na ko\u015bci\u00f3\u0142 ewangelicki w Tarnowskich G\u00f3rach\u201d<\/p>\n\n\n\n<p>3 miejsce Karolina Korek- SOSW Tarnowskie G\u00f3ry \u201eDzwonnica\u201d<\/p>\n\n\n\n<p class=\"has-text-align-center\"><strong><span class=\"has-inline-color has-vivid-green-cyan-color\">WYNIKI KONKURSU POETYCKIEGO<\/span><\/strong><\/p>\n\n\n\n<p><strong>kategoria kl. I-IV szko\u0142y podstawowej<\/strong><\/p>\n\n\n\n<p><strong>I miejsce&nbsp;<\/strong>= Anna Mocny, wiersz ,,Moje miasto&#8221;, kl. IV, Szko\u0142a Podstawowa nr 12 w Zespole Szk\u00f3\u0142 Podstawowych nr 3 w Tarnowskich G\u00f3rach<\/p>\n\n\n\n<p><strong>II miejsce<\/strong>&nbsp;= Natalia Bromboszcz, wiersz ,,Zabytki mojego miasta&#8221;, kl. IV, Szko\u0142a Podstawowa nr 15 w Tarnowskich G\u00f3rach<\/p>\n\n\n\n<p><strong>kategoria kl. V-VIII szko\u0142y podstawowej&nbsp;<\/strong><\/p>\n\n\n\n<p><strong>I miejsce&nbsp;<\/strong>= Magdalena Miozga, wiersz ,,Dzwonnica Gwark\u00f3w&#8221;, kl. V, Szko\u0142a Podstawowa nr 3 w Tarnowskich G\u00f3rach<\/p>\n\n\n\n<p><strong>II miejsce<\/strong>&nbsp;= Zofia Wo\u017aniczka, wiersz ,,Moje Miasto&#8221;, kl. VII c, Szko\u0142a Podstawowa nr 13 w Tarnowskich G\u00f3rach<\/p>\n\n\n\n<p><strong>III miejsce<\/strong>&nbsp;= Kamil Nawrath, wiersz ,,\u015awierklaniecki park&#8221;, kl. VII,&nbsp;Szko\u0142a Podstawowa, im. Adama Mickiewicza w \u015awierkla\u0144cu<\/p>\n\n\n\n<p><strong>wyr\u00f3\u017cnienia w kategorii kl. V-VIII szko\u0142y podstawowej:&nbsp;<\/strong><\/p>\n\n\n\n<p><strong>wyr\u00f3\u017cnienie<\/strong>&nbsp;= Szymon Musik, wiersz ,,Tarnowskie G\u00f3ry&#8221;,&nbsp;Szko\u0142a Podstawowa nr 12 w Zespole Szk\u00f3\u0142 Podstawowych nr 3 w Tarnowskich G\u00f3rach<\/p>\n\n\n\n<p><strong>wyr\u00f3\u017cnienie&nbsp;<\/strong>= Julia Wr\u00f3bel, wiersz ,,Cisza&#8221;, kl. VII,&nbsp;Szko\u0142a Podstawowa nr 13 w Tarnowskich G\u00f3rach<\/p>\n\n\n\n<p><strong>wyr\u00f3\u017cnienie<\/strong>&nbsp;= Marcel Kurzacz, wiersz ,,Sztolnia Czarnego Pstr\u0105ga&#8221;, kl. VI,&nbsp;&nbsp;Szko\u0142a Podstawowa nr 12 w Zespole Szk\u00f3\u0142 Podstawowych nr 3 w Tarnowskich G\u00f3rach<\/p>\n\n\n\n<p class=\"has-text-align-center\"><strong><span class=\"has-inline-color has-vivid-red-color\">GRATULUJEMY !<\/span><\/strong><\/p>\n\n\n\n<p class=\"has-text-align-center\"><strong>Prace konkursowe oraz zg\u0142oszenia uczestnik\u00f3w do poszczeg\u00f3lnych konkurs\u00f3w, wraz z za\u0142\u0105cznikami nr 1 i 2, oraz Kart\u0105 Zg\u0142oszenia, nale\u017cy dostarczy\u0107 do 15 czerwca 2021 roku,&nbsp;<\/strong><\/p>\n\n\n<p><a href=\"https:\/\/soswtg.pl\/wp-content\/uploads\/2021\/05\/zgody-na-przetwarzanie-danych-zalacznik-1-1.odt\">zgody na przetwarzanie danych &#8211; za\u0142acznik 1 (1)<\/a><\/p>\n<p><a href=\"https:\/\/soswtg.pl\/wp-content\/uploads\/2021\/05\/zgody-na-przetwarzanie-danych-nauczyciela-opiekuna-zalacznik2-1.odt\">zgody na przetwarzanie danych nauczyciela opiekuna &#8211; zalacznik2 (1)<\/a><\/p>\n<p><a href=\"https:\/\/soswtg.pl\/wp-content\/uploads\/2021\/05\/Karty-zgloszenie-do-Konkursu-Poetyckiego-i-Malarskiego-Zabytki-Powiatu-Tarnogorskiego-w-poezji-i-malarstwie-widziane-oczami-mlodego-czlowieka.doc\">Karty zg\u0142oszenie do Konkursu Poetyckiego i Malarskiego ,,Zabytki Powiatu Tarnog\u00f3rskiego w poezji i malarstwie, widziane oczami m\u0142odego cz\u0142owieka\u201d<\/a><\/p>\n<p><a href=\"https:\/\/soswtg.pl\/wp-content\/uploads\/2021\/05\/Regulamin-konkursow-Zabytki-Powiatu-Tarnogorskiego-w-poezji-i-malarstwie-widziane-oczami-mlodego-czlowieka-21.doc\">Regulamin konkurs\u00f3w ,,Zabytki Powiatu Tarnog\u00f3rskiego w poezji i malarstwie, widziane oczami m\u0142odego cz\u0142owieka\u201d (2)(1)<\/a><\/p>\n<hr>\n<p style=\"text-align: center;\"><strong>SZKOLNA AKADEMIA WIEDZY<\/strong><br><strong>O&nbsp;ZIEMI TARNOG\u00d3RSKIEJ<\/strong><\/p>\n<p style=\"text-align: center;\"><strong>ZAPRASZAMY NA&nbsp;ZAJ\u0118CIA !!!&nbsp;<\/strong><\/p>\n<p><a href=\"https:\/\/soswtg.pl\/wp-content\/uploads\/2021\/05\/certyfikat_I_plakat-2.docx\">certyfikat_I_plakat (2)<\/a><\/p>\n<p><a href=\"https:\/\/soswtg.pl\/wp-content\/uploads\/2021\/05\/187753819_985922431945905_6422026801444568205_n-1.jpg\"><img loading=\"lazy\" decoding=\"async\" class=\"alignnone size-medium wp-image-5950\" src=\"https:\/\/soswtg.pl\/wp-content\/uploads\/2021\/05\/187753819_985922431945905_6422026801444568205_n-1-234x300.jpg\" alt=\"\" width=\"234\" height=\"300\" srcset=\"https:\/\/soswtg.pl\/wp-content\/uploads\/2021\/05\/187753819_985922431945905_6422026801444568205_n-1-234x300.jpg 234w, https:\/\/soswtg.pl\/wp-content\/uploads\/2021\/05\/187753819_985922431945905_6422026801444568205_n-1.jpg 684w\" sizes=\"(max-width: 234px) 100vw, 234px\" \/><\/a><\/p>\n<hr>\n<p style=\"text-align: center;\"><span style=\"font-size: 12pt;\"><strong>Powiatowy Konkurs Ekologiczny <\/strong><\/span><\/p>\n<p style=\"text-align: center;\"><span style=\"font-size: 12pt;\"><strong>&#8221; Dbamy o czysty \u015bwiat, cho\u0107 ma\u0142o mamy lat&#8221;<\/strong><\/span><\/p>\n<ol>\n<li><span style=\"font-size: 10pt;\"><a href=\"https:\/\/soswtg.pl\/wp-content\/uploads\/2018\/09\/REGULAMIN-KONKURSU-EKOLOGICZNEGO-1-1.docx\">REGULAMIN KONKURSU EKOLOGICZNEGO-1 (1)<\/a> <\/span><\/li>\n<li><span style=\"font-size: 10pt;\"><a href=\"https:\/\/soswtg.pl\/wp-content\/uploads\/2018\/09\/ZG\u0141OSZENIE-DO-KONKURSU-WIEDZY-EKOLOGICZNEJ-zalacznik-3-2.doc\">ZG\u0141OSZENIE DO KONKURSU WIEDZY EKOLOGICZNEJ- zalacznik 3 (2)<\/a> <\/span><\/li>\n<li><span style=\"font-size: 10pt;\"><a href=\"https:\/\/soswtg.pl\/wp-content\/uploads\/2018\/09\/zgody-na-przetwarzanie-danych-za\u0142acznik-1-1.docx\">zgody na przetwarzanie danych &#8211; za\u0142acznik 1 (1)<\/a><\/span><\/li>\n<li><span style=\"font-size: 10pt;\"> <a href=\"https:\/\/soswtg.pl\/wp-content\/uploads\/2018\/09\/zgody-na-przetwarzanie-danych-nauczyciela-opiekuna-zalacznik2-1.docx\">zgody na przetwarzanie danych nauczyciela opiekuna &#8211; zalacznik2 (1)<\/a><\/span><\/li>\n<li style=\"text-align: left;\"><span style=\"font-size: 10pt;\"><a href=\"https:\/\/soswtg.pl\/wp-content\/uploads\/2018\/10\/ROZSTRZYGNI\u0118CIE-KONKURSU-PLASTYCZNEGO.docx\">ROZSTRZYGNI\u0118CIE KONKURSU PLASTYCZNEGO I FOTOGRAFICZNEGO<\/a><\/span><br><span style=\"font-size: 12pt;\"><strong>REGULAMIN KONKURS\u00d3W &#8222;100 LAT NIEPODLEG\u0141O\u015aCI W MALARSTWIE, POEZJI I PIOSENCE&#8221; <\/strong><\/span><\/li>\n<li>\n<p style=\"text-align: left;\"><span style=\"font-size: 10pt;\"><a href=\"https:\/\/soswtg.pl\/wp-content\/uploads\/2018\/09\/Regulamin-100-lat-1-3.docx\">Regulamin 100 lat (1) (3)<\/a><\/span><\/p>\n<\/li>\n<li><span style=\"font-size: 10pt;\"><a href=\"https:\/\/soswtg.pl\/wp-content\/uploads\/2018\/11\/ROZSTRZYGNI\u0118CIE-KONKURSU-PLASTYCZNEGO-2.docx\">ROZSTRZYGNI\u0118CIE KONKURSU PLASTYCZNEGO<\/a><\/span><\/li>\n<\/ol>","protected":false},"excerpt":{"rendered":"<p>KONKURS PLATYCZNO &#8211; MALARSKI KONKURS &#8222;WYWIAD Z ARTYST\u0104&#8221; Zapraszamy do udzia\u0142u w konkursach \ud83d\ude42 KONKURS POETYCKI I MALARSKI ,,Zabytki Powiatu Tarnog\u00f3rskiego w poezji i malarstwie, widziane oczami m\u0142odego cz\u0142owieka\u201d ROZSTRZYGNI\u0118CIE KONKURSU PLASTYCZNEGO I POETYCKIEGO Wyniki konkursu malarskiego Kategoria Szko\u0142a Podstawowa &hellip; <a href=\"https:\/\/soswtg.pl\/index.php\/konkursy-2\/\">Czytaj dalej <span class=\"meta-nav\">&rarr;<\/span><\/a><\/p>\n","protected":false},"author":1,"featured_media":0,"parent":0,"menu_order":0,"comment_status":"closed","ping_status":"closed","template":"","meta":{"footnotes":""},"class_list":["post-3235","page","type-page","status-publish","hentry"],"_links":{"self":[{"href":"https:\/\/soswtg.pl\/index.php\/wp-json\/wp\/v2\/pages\/3235"}],"collection":[{"href":"https:\/\/soswtg.pl\/index.php\/wp-json\/wp\/v2\/pages"}],"about":[{"href":"https:\/\/soswtg.pl\/index.php\/wp-json\/wp\/v2\/types\/page"}],"author":[{"embeddable":true,"href":"https:\/\/soswtg.pl\/index.php\/wp-json\/wp\/v2\/users\/1"}],"replies":[{"embeddable":true,"href":"https:\/\/soswtg.pl\/index.php\/wp-json\/wp\/v2\/comments?post=3235"}],"version-history":[{"count":20,"href":"https:\/\/soswtg.pl\/index.php\/wp-json\/wp\/v2\/pages\/3235\/revisions"}],"predecessor-version":[{"id":6990,"href":"https:\/\/soswtg.pl\/index.php\/wp-json\/wp\/v2\/pages\/3235\/revisions\/6990"}],"wp:attachment":[{"href":"https:\/\/soswtg.pl\/index.php\/wp-json\/wp\/v2\/media?parent=3235"}],"curies":[{"name":"wp","href":"https:\/\/api.w.org\/{rel}","templated":true}]}}