{"id":3232,"date":"2018-09-17T19:30:46","date_gmt":"2018-09-17T17:30:46","guid":{"rendered":"http:\/\/soswtg.pl\/?page_id=3232"},"modified":"2019-03-22T19:36:16","modified_gmt":"2019-03-22T18:36:16","slug":"konkursy","status":"publish","type":"page","link":"https:\/\/soswtg.pl\/index.php\/konkursy\/","title":{"rendered":"KONKURSY"},"content":{"rendered":"<p>V Tarnog\u00f3rski Przegl\u0105d Muzyki Klasycznej dla Dzieci &#8211; regulamin konkursu\u00a0<a href=\"https:\/\/soswtg.pl\/wp-content\/uploads\/2019\/03\/Klasycznie20-20artystycznie.docx\">Klasycznie-artystycznie<\/a><\/p>\n<p>&nbsp;<\/p>\n<p>Powiatowy Konkurs Ekologiczny &#8222;Dbamy o czysty \u015bwiat, cho\u0107 ma\u0142o mamy lat&#8221;<\/p>\n<h5><\/h5>\n","protected":false},"excerpt":{"rendered":"<p>V Tarnog\u00f3rski Przegl\u0105d Muzyki Klasycznej dla Dzieci &#8211; regulamin konkursu\u00a0Klasycznie-artystycznie &nbsp; Powiatowy Konkurs Ekologiczny &#8222;Dbamy o czysty \u015bwiat, cho\u0107 ma\u0142o mamy lat&#8221;<\/p>\n","protected":false},"author":1,"featured_media":0,"parent":0,"menu_order":0,"comment_status":"closed","ping_status":"closed","template":"","meta":{"footnotes":""},"class_list":["post-3232","page","type-page","status-publish","hentry"],"_links":{"self":[{"href":"https:\/\/soswtg.pl\/index.php\/wp-json\/wp\/v2\/pages\/3232"}],"collection":[{"href":"https:\/\/soswtg.pl\/index.php\/wp-json\/wp\/v2\/pages"}],"about":[{"href":"https:\/\/soswtg.pl\/index.php\/wp-json\/wp\/v2\/types\/page"}],"author":[{"embeddable":true,"href":"https:\/\/soswtg.pl\/index.php\/wp-json\/wp\/v2\/users\/1"}],"replies":[{"embeddable":true,"href":"https:\/\/soswtg.pl\/index.php\/wp-json\/wp\/v2\/comments?post=3232"}],"version-history":[{"count":3,"href":"https:\/\/soswtg.pl\/index.php\/wp-json\/wp\/v2\/pages\/3232\/revisions"}],"predecessor-version":[{"id":4068,"href":"https:\/\/soswtg.pl\/index.php\/wp-json\/wp\/v2\/pages\/3232\/revisions\/4068"}],"wp:attachment":[{"href":"https:\/\/soswtg.pl\/index.php\/wp-json\/wp\/v2\/media?parent=3232"}],"curies":[{"name":"wp","href":"https:\/\/api.w.org\/{rel}","templated":true}]}}