{"id":170,"date":"2025-04-04T14:00:00","date_gmt":"2025-04-04T12:00:00","guid":{"rendered":"http:\/\/soswtg.pl\/?page_id=170"},"modified":"2025-04-07T12:08:41","modified_gmt":"2025-04-07T10:08:41","slug":"spdp","status":"publish","type":"page","link":"https:\/\/soswtg.pl\/index.php\/spdp\/","title":{"rendered":"SPDP"},"content":{"rendered":"<table>\n<tbody>\n<tr>\n<td>\n<p style=\"text-align: justify;\">M\u0142odzie\u017c z niepe\u0142nosprawno\u015bci\u0105 intelektualn\u0105 w stopniu umiarkowanym i znacznym\u00a0 mo\u017ce kontynuowa\u0107 nauk\u0119 w Szkole Przysposabiaj\u0105cej\u00a0 do Pracy.<\/p>\n<p style=\"text-align: justify;\">Zaj\u0119cia odbywaj\u0105 si\u0119 oddzia\u0142ach edukacyjno \u2013 terapeutycznych. W ci\u0105gu 3 lat poznaje tajniki zawodu \u2013 pracownik gospodarstwa domowego.<br \/>\nPodopieczni ucz\u0105 si\u0119 opieki nad zwierz\u0119tami i ro\u015blinami, przygotowuj\u0105 proste potrawy, przetwory i wypieki.<br \/>\nUczniowie szyj\u0105, haftuj\u0105, prasuj\u0105, a w pracowni technicznej pracuj\u0105 w drewnie i metalu.<br \/>\nPrawdziwe przygotowanie do doros\u0142ego \u017cycia.<\/p>\n<p style=\"text-align: justify;\">Pomagamy w uzyskaniu stopnia niepe\u0142nosprawno\u015bci\u00a0dla cel\u00f3w zatrudnienia \u00a0 \u00a0 \u00a0 \u00a0 \u00a0 \u00a0 na stanowiskach pracy chronionej oraz do cel\u00f3w rentowych.<\/p>\n<p style=\"text-align: justify;\">\n<\/td>\n<\/tr>\n<\/tbody>\n<\/table>\n","protected":false},"excerpt":{"rendered":"<p>M\u0142odzie\u017c z niepe\u0142nosprawno\u015bci\u0105 intelektualn\u0105 w stopniu umiarkowanym i znacznym\u00a0 mo\u017ce kontynuowa\u0107 nauk\u0119 w Szkole Przysposabiaj\u0105cej\u00a0 do Pracy. Zaj\u0119cia odbywaj\u0105 si\u0119 oddzia\u0142ach edukacyjno \u2013 terapeutycznych. W ci\u0105gu 3 lat poznaje tajniki zawodu \u2013 pracownik gospodarstwa domowego. Podopieczni ucz\u0105 si\u0119 opieki nad &hellip; <a href=\"https:\/\/soswtg.pl\/index.php\/spdp\/\">Czytaj dalej <span class=\"meta-nav\">&rarr;<\/span><\/a><\/p>\n","protected":false},"author":1,"featured_media":0,"parent":0,"menu_order":0,"comment_status":"closed","ping_status":"closed","template":"","meta":{"footnotes":""},"class_list":["post-170","page","type-page","status-publish","hentry"],"_links":{"self":[{"href":"https:\/\/soswtg.pl\/index.php\/wp-json\/wp\/v2\/pages\/170"}],"collection":[{"href":"https:\/\/soswtg.pl\/index.php\/wp-json\/wp\/v2\/pages"}],"about":[{"href":"https:\/\/soswtg.pl\/index.php\/wp-json\/wp\/v2\/types\/page"}],"author":[{"embeddable":true,"href":"https:\/\/soswtg.pl\/index.php\/wp-json\/wp\/v2\/users\/1"}],"replies":[{"embeddable":true,"href":"https:\/\/soswtg.pl\/index.php\/wp-json\/wp\/v2\/comments?post=170"}],"version-history":[{"count":3,"href":"https:\/\/soswtg.pl\/index.php\/wp-json\/wp\/v2\/pages\/170\/revisions"}],"predecessor-version":[{"id":9097,"href":"https:\/\/soswtg.pl\/index.php\/wp-json\/wp\/v2\/pages\/170\/revisions\/9097"}],"wp:attachment":[{"href":"https:\/\/soswtg.pl\/index.php\/wp-json\/wp\/v2\/media?parent=170"}],"curies":[{"name":"wp","href":"https:\/\/api.w.org\/{rel}","templated":true}]}}