{"id":1188,"date":"2017-05-30T21:30:51","date_gmt":"2017-05-30T19:30:51","guid":{"rendered":"http:\/\/soswtg.pl\/?page_id=1188"},"modified":"2017-05-30T21:30:51","modified_gmt":"2017-05-30T19:30:51","slug":"kolko-jezykowe","status":"publish","type":"page","link":"https:\/\/soswtg.pl\/index.php\/kolko-jezykowe\/","title":{"rendered":"K\u00f3\u0142ko j\u0119zykowe"},"content":{"rendered":"<p style=\"text-align: justify;\" align=\"LEFT\"><span style=\"font-size: large;\"><strong>Ko\u0142o j\u0119zyka angielskiego<\/strong> powsta\u0142o w celu wzbogacenia oferty edukacyjnej i wychowawczej naszej szko\u0142y. Adresowane jest do wszystkich uczni\u00f3w pragn\u0105cych utrwali\u0107 oraz poszerzy\u0107 wiedz\u0119 w zakresie sprawno\u015bci j\u0119zykowej i kulturoznawczej. Poniewa\u017c zaj\u0119cia b\u0119d\u0105 oparte na \u0107wiczeniach, takich jak gry i zabawy, pozwol\u0105 sp\u0119dzi\u0107 uczestnikom czas zaj\u0119\u0107 w spos\u00f3b przyjemny i po\u017cyteczny. Nadrz\u0119dnym zadaniem programu jest, aby zetkniecie uczni\u00f3w z j\u0119zykiem angielskim podczas tych zaj\u0119\u0107 by\u0142o zach\u0119caj\u0105ce do dalszej nauki.<\/span><\/p>\n<p style=\"text-align: justify;\" align=\"LEFT\"><span style=\"font-size: large;\">Na zaj\u0119cia przeznaczona jest jedna godzina tygodniowo. Tre\u015b\u0107 i tematyka zaj\u0119\u0107 mo\u017ce zosta\u0107 nieznacznie zmodyfikowana w zale\u017cno\u015bci od zainteresowa\u0144 i potrzeb uczni\u00f3w.<\/span><\/p>\n<p align=\"LEFT\"><span style=\"font-size: large;\">Cele edukacyjno \u2013 wychowawcze ko\u0142a :<br \/>\n<\/span><\/p>\n<p align=\"LEFT\"><span style=\"font-size: large;\">&#8211; popularyzacja j\u0119zyka angielskiego i motywowanie do jego nauki<\/span><\/p>\n<p align=\"LEFT\"><span style=\"font-size: large;\">&#8211; wyr\u00f3wnywanie brak\u00f3w i poprawa kompetencji j\u0119zykowych<\/span><\/p>\n<p align=\"LEFT\"><span style=\"font-size: large;\">&#8211; rozwijanie wszystkich sprawno\u015bci j\u0119zykowych<\/span><\/p>\n<p align=\"LEFT\"><span style=\"font-size: large;\">&#8211; utrwalanie i rozszerzanie s\u0142ownictwa oraz struktur leksykalno-gramatycznych<\/span><\/p>\n<p align=\"LEFT\"><span style=\"font-size: large;\">poznawanych na lekcjach j\u0119zyka angielskiego.<\/span><\/p>\n<p align=\"LEFT\"><span style=\"font-size: large;\">&#8211; kszta\u0142towanie pozytywnego nastawienia i tolerancji wobec obcej kultury i j\u0119zyka<\/span><\/p>\n<p align=\"LEFT\"><span style=\"font-size: large;\">&#8211; stworzenie mo\u017cliwo\u015bci tw\u00f3rczego my\u015blenia \u2013 wysuwanie propozycji i szukanie rozwi\u0105za\u0144 zawartych w tre\u015bci niekt\u00f3rych gier komunikacyjnych<\/span><\/p>\n<p align=\"LEFT\"><span style=\"font-size: large;\">&#8211; efektywne sp\u0119dzanie czasu wolnego<\/span><\/p>\n","protected":false},"excerpt":{"rendered":"<p>Ko\u0142o j\u0119zyka angielskiego powsta\u0142o w celu wzbogacenia oferty edukacyjnej i wychowawczej naszej szko\u0142y. Adresowane jest do wszystkich uczni\u00f3w pragn\u0105cych utrwali\u0107 oraz poszerzy\u0107 wiedz\u0119 w zakresie sprawno\u015bci j\u0119zykowej i kulturoznawczej. Poniewa\u017c zaj\u0119cia b\u0119d\u0105 oparte na \u0107wiczeniach, takich jak gry i zabawy, &hellip; <a href=\"https:\/\/soswtg.pl\/index.php\/kolko-jezykowe\/\">Czytaj dalej <span class=\"meta-nav\">&rarr;<\/span><\/a><\/p>\n","protected":false},"author":1,"featured_media":0,"parent":0,"menu_order":0,"comment_status":"closed","ping_status":"closed","template":"","meta":{"footnotes":""},"class_list":["post-1188","page","type-page","status-publish","hentry"],"_links":{"self":[{"href":"https:\/\/soswtg.pl\/index.php\/wp-json\/wp\/v2\/pages\/1188"}],"collection":[{"href":"https:\/\/soswtg.pl\/index.php\/wp-json\/wp\/v2\/pages"}],"about":[{"href":"https:\/\/soswtg.pl\/index.php\/wp-json\/wp\/v2\/types\/page"}],"author":[{"embeddable":true,"href":"https:\/\/soswtg.pl\/index.php\/wp-json\/wp\/v2\/users\/1"}],"replies":[{"embeddable":true,"href":"https:\/\/soswtg.pl\/index.php\/wp-json\/wp\/v2\/comments?post=1188"}],"version-history":[{"count":1,"href":"https:\/\/soswtg.pl\/index.php\/wp-json\/wp\/v2\/pages\/1188\/revisions"}],"predecessor-version":[{"id":1189,"href":"https:\/\/soswtg.pl\/index.php\/wp-json\/wp\/v2\/pages\/1188\/revisions\/1189"}],"wp:attachment":[{"href":"https:\/\/soswtg.pl\/index.php\/wp-json\/wp\/v2\/media?parent=1188"}],"curies":[{"name":"wp","href":"https:\/\/api.w.org\/{rel}","templated":true}]}}